 the second derivative of t**3 - t**2/2 + 21*t. Give u(s).
11
Let m(w) = w - 4. Let y(t) = 11*t + 21. Let a be y(-1). Determine m(a).
6
Let m = -5 - -5. Let j(q) = -q**2 + 8*q + 2 - 9*q + 0. Give j(m).
2
Let j(k) = -8*k**3 - k**2 - k - 1. Let r be 66/8 + 6/(-24). Let t(o) = -1 - 4*o**2 - 8*o**2 + 11*o**2 + r*o. Let q be t(8). What is j(q)?
7
Let y(d) = 2*d + 4. Suppose -14*x = -12*x - 10. Suppose -4*g = -x*v + 31, 0*v + 2*g = -2*v - 2. What is y(v)?
10
Let c(h) = 33*h**2 - 20*h - 12. Let w(g) = -40*g**2 + 22*g + 12. Let f(r) = 6*c(r) + 5*w(r). Give f(-8).
-60
Let y(t) = 2*t + 7. Let s(q) = -q**2 + 3. Let o(x) = s(x) - y(x). Calculate o(-5).
-19
Let m(k) be the first derivative of k**4/4 - 5*k**3/3 + 5*k**2/2 - 4*k - 82. What is m(5)?
21
Let s(l) = l**3 - l**2 - l - 11. Let z(i) = 11*i - 2. Let k be 2 + -4 - -1 - -3. Let n be z(k). Let r = 20 - n. What is s(r)?
-11
Let q(n) = -819*n**2 + 1648*n**2 - 828*n**2 + n. Calculate q(0).
0
Let l(m) = -2*m**3 - 8*m**2 - m + 6. Let t(y) = -12 - 17 + 37 - 14 + y. Let v be t(5). Let p(w) = -w**3 - w**2 + 1. Let j(x) = v*l(x) + 3*p(x). What is j(5)?
2
Let c be 3/(-3) - (-1 - -2 - 7). Let p be 1/(-3) + 17/(-3). Let b be -3 - c/(5/p). Let t(y) = y**2 - 3*y + 1. What is t(b)?
1
Let y = -16248 + 16256. Let b(a) = -9*a + 2 - 6*a**2 + a**3 - a**2 + 0. Give b(y).
-6
Let d(k) be the second derivative of -k**3/2 - k**2/2 + k. Let q be ((-16)/14)/((-2)/7). Suppose q*p = -0*p + 16. Calculate d(p).
-13
Let u(n) = 2*n**2 - 3*n**2 + 4*n - 8 + 1 + 4*n. Suppose b - 30 = -24. Give u(b).
5
Let r(a) be the second derivative of a**3/6 + 8*a**2 + 19*a. Determine r(-7).
9
Let m(j) = 7*j**2 + j - 7. Let d(c) = c**2 - c - 1. Let k be d(-2). Let v(n) = 3 + 13 - 2*n - k - 20*n**2 + 9. Let s(p) = -17*m(p) - 6*v(p). Calculate s(4).
-5
Let n(f) = 39*f**2 - 48*f**2 - 5 + 8*f + f**3 + f. Let d be n(8). Let s(w) be the third derivative of -w**5/60 + w**4/24 - w**3/6 - w**2. What is s(d)?
-7
Let s = -13 + 17. Let q(f) = -f. Let m(u) = u**2 - 10*u + 5. Let d be -2*2/((-12)/3). Let o(h) = d*m(h) - 4*q(h). What is o(s)?
-3
Let g(x) be the third derivative of -2/3*x**3 + 1/60*x**5 - 13*x**2 + 0 - 1/24*x**4 + 0*x. Let u = 17 - 17. What is g(u)?
-4
Suppose -6971 = o - 6969. Let y(l) = 5 - 4*l - 2*l**3 + 6*l - 3*l. Let q(z) = -2*z**3 - z**2 - z + 4. Let v(t) = 3*q(t) - 2*y(t). Determine v(o).
8
Let a(v) = 11*v**3 - v**2 - v + 1. Let x(g) = -7*g**2 - 4. Let z be x(-3). Let m = z + 68. What is a(m)?
10
Let b(w) be the second derivative of -w**4/4 - 2*w**3/3 + w**2/2 + 93*w. Determine b(-2).
-3
Let j(w) = -3*w + 16 - 10 + 3*w**2 - 4*w**2. Calculate j(-6).
-12
Let f(z) = -2*z**2 + 6*z + 5. Suppose -3*m = -4 + 1, 2*d + 3 = -3*m. Let n(o) = o**2 - 3. Let v be n(d). Suppose -b + v = 1. Determine f(b).
-15
Let z(j) = j**3 + 6*j**2 - 17*j - 5. Suppose -32 = 3*m - 2*x, 2*x = 2*m - 4*m - 8. What is z(m)?
3
Let s(r) = 420*r**3 - 419*r**3 - 1 + 1 + 2*r - 2*r**2 - 1 + 0*r**2. Calculate s(2).
3
Let l(f) = 5*f - 25. Let x be l(6). Let w(j) = -24*j**3 + 7*j**2 - 2*j + 2. Let c(m) = 12*m**3 - 4*m**2 + m - 1. Let p(z) = x*c(z) + 3*w(z). What is p(1)?
-11
Let h be (10/(-8))/((-6)/(49 - 1)). Let o(d) = -5*d + 6 + 0*d**2 + 9*d + 5*d - d**2. Give o(h).
-4
Let t(w) = -w**3 - 4*w**2 - 2*w + 1. Suppose -3*v - 5*h - 15 = -0*h, v + 12 = -4*h. Suppose 2*c + 10 = -4*s, 4*s + 8 = -4*c - v*c. Give t(s).
-2
Let i(h) = h**3 + h**2. Let b(q) = -1 + q**2 - 8*q**3 - 5*q - 5*q**2 + 7*q. Let f(x) = -b(x) - 6*i(x). Calculate f(2).
5
Let z = -2 + 8. Suppose z - 14 = -4*d. Let c(m) = -3*m - 3*m + d*m - m - 3. Determine c(-2).
7
Let b(g) = 3*g - 3. Suppose 25 = -8*i - 15. What is b(i)?
-18
Let i(s) = -s**3 - s - 2. Suppose -5*w = -2*d - 21, -2*d + 2*w - 14 = -4*d. Let g(x) = x - 4 - x**2 - 10 + d*x + 7*x. Let y be g(8). Determine i(y).
-12
Let d(z) = 2*z + 21. Let m be -1 - (-10)/8 - (-1935)/(-172). Give d(m).
-1
Let a(o) = -3*o**3 - o**2 + 2*o - 1. Let j(y) be the first derivative of 2*y**3/3 + 3*y**2/2 + y - 2. Let w be j(-2). Let b be 11 + -8 - (w - 1). Give a(b).
-3
Let g(v) be the first derivative of -v**2 - 3*v + 2. Suppose 3*w = -3*y - 153, -46 = w + 4*y + 20. Let n = 41 + w. What is g(n)?
7
Let z(s) = 2*s**2 + 20*s + 7. Let g(c) = 14*c + 131. Let n be g(-10). Give z(n).
-11
Let f(v) = 12*v + 6. Let l = 984 + -988. Determine f(l).
-42
Let z(f) = -23666 + f**2 - 2*f + 23665 + f. Calculate z(-5).
29
Suppose -4*y = o - 28, 4*o - 74 = y - 98. Let p(m) be the third derivative of m**5/60 - m**4/3 - m**3 + 4*m**2. What is p(y)?
-6
Suppose -4*k + u = -3*u, -3*k - 8 = 5*u. Let s(h) = 6*h - 8 + 9 + 0*h. Determine s(k).
-5
Let f(d) = 60*d - 118*d - 15 + d**2 + 57*d. Let l be f(5). Let u(a) = a**2 - 4*a - 2. Determine u(l).
3
Let b be 3/(-12) + (0 - 46/8). Let v = 4 - 2. Let d(c) = -4 + 8*c**2 - c**3 - 2*c**2 + v*c**3 + 2. Give d(b).
-2
Let f(o) = -o**2 - 21*o - 36. Let w be f(-19). Suppose 3*v + 2*y = -2, -2*v - 4*y = 3*v + 6. Let k(p) = -39*p + 8*p**v + p**3 - w*p**2 + 43*p. Calculate k(-5).
5
Suppose -4*y - f + 10 = 0, -4*f + 0*f = 5*y - 18. Let p(o) = 2*o**3 - o**2 + 4*o - 3. Give p(y).
17
Let q be ((-20)/(-12))/((-4)/(-12)) + 5. Let p(t) = t**2 - 8*t - 2. Calculate p(q).
18
Let y(i) = -i + 2. Let h(r) = r - 5. Let w(v) = -2*v - 18. Let u be w(-8). Let p be h(u). Give y(p).
9
Let y(p) = -2*p**2 - 4*p - 2. Suppose -13*u = -16*u - 2*h, 3*u + 15 = 3*h. What is y(u)?
-2
Let n(a) be the second derivative of 1/2*a**3 + 26*a + 1/6*a**4 + 0 - 5/2*a**2. Calculate n(-4).
15
Let g = -234 - -233. Let u(y) = 6*y + 2. Calculate u(g).
-4
Suppose 0 = -5*k + 4*p - 22, -4*k + 4*p + 3 = 19. Let y(m) be the third derivative of m**5/60 + m**4/4 - 5*m**3/6 - 7*m**2. What is y(k)?
-5
Let l(n) = -n**3 - 2*n**2 - n + 5. Let h(j) = -7*j**2 - 4*j + 2*j**2 - 2*j**3 + 9 + 2*j. Let w(a) = 3*h(a) - 5*l(a). Give w(-4).
-10
Let r(w) = 8*w**2 + 19*w + 13. Let s(f) = -5*f**2 - 10*f - 6. Let a(m) = 3*r(m) + 5*s(m). Give a(8).
1
Let s(h) = h**3 + 2*h - 3. Suppose 3*c - 8 = 2*m + c, -4*c + 16 = 4*m. Suppose 2*y - 19 - 1 = m. Let n be -2 - (-5)/(y/8). Give s(n).
9
Let m(i) = -i + 7. Suppose -5*h + 112 = 32. Let p be (h/(-20))/((-3)/30). Determine m(p).
-1
Let n(f) = f**2 - 10*f + 13. Suppose 5*t - b - 3*b - 66 = 0, 2*t + 3*b - 8 = 0. What is n(t)?
13
Let k(x) = x**3 - 7*x**2 + 5*x + 6. Suppose 0*m - 25 = -5*m. Let s be 16/5 + (-1)/m. Let h be (3 + s)/3*3. Calculate k(h).
0
Let a(r) = -r**3 + r**2 - 1. Let h = 58 + -55. Suppose 5*v + 2*l = -9, -h*v + 0*l + 1 = -2*l. Determine a(v).
1
Let c(j) = j + 8. Let s(v) = -2*v - 8. Let q(u) = -3*c(u) - 2*s(u). Let l be q(7). Let r(p) = -6*p + 5*p + 5*p. Give r(l).
-4
Suppose -2*r = -2*f - 4*r + 34, -5*r + 72 = 4*f. Let z(b) = 2*b - 7. Give z(f).
19
Let u = -3 - -1. Let d be 14*(1/u + 1). Let f(j) be the first derivative of -j**2/2 + 2*j + 178. What is f(d)?
-5
Suppose 0*z - 12 = 12*z. Let l(t) = -14*t. Calculate l(z).
14
Let l(y) be the third derivative of -y**6/120 - y**5/10 + y**4/4 + y**3/2 + 120*y**2. Determine l(-7).
10
Let k(a) = 6*a + 16. Let j be k(0). Suppose 3*w = 2*w + 20. Let m = j - w. Let x(r) = -r**3 - 3*r**2 + 6*r + 1. Give x(m).
-7
Let n = -2530 + 2532. Let a(h) be the first derivative of -3/2*h**n - 8 - 7*h. What is a(-5)?
8
Let j(f) = -6*f**2. Suppose -8 = -2*v - 6. Let p be (-3 + 2)*1/v. Calculate j(p).
-6
Let g(f) = -5*f**2 - 17*f + 81. Let o(s) = 3*s**2 + 8*s - 45. Let z(v) = -4*g(v) - 7*o(v). Calculate z(11).
2
Let u(f) = f**3 - 3*f**2 - 2*f - 5. Let r be 893/235 + (2/(-5))/(-2). Determine u(r).
3
Let d(u) = u - 20. Let f = 566 + -548. What is d(f)?
-2
Let l(t) = t**3 - 9*t**2 + 2. Let o be l(9). Suppose -o*g + 3 = 17. Let v(h) = -h**2 - 8*h. Determine v(g).
7
Suppose 6*r = -7 + 43. Suppose -16 = -r*k + 2. Let p(d) = -d**3 + 4*d**2 - 1. What is p(k)?
8
Let w be (-10)/14 - 2/7. Let q(y) be the first derivative of -5*y**3/3 + y**2/2 + y - 708. Give q(w).
-5
Let p(f) = 11*f**3 - 9*f + 28*f**2 - 32*f**2 - 10*f**3 + 12. Determine p(5).
-8
Let d(m) = -m**2 + 12*m - 29. Let y = 1028 - 1020. What is d(y)?
3
Let u(a) = -3*a**2 + 3*a + 10. Let m(s) = -13*s**2 + 10*s + 41. Let y(o) = -2*m(o) + 9*u(o). Suppose 20 = 3*x - 4. Determine y(x).
0
Let t be 60/9*84/(-10) - -1. Let w = 61 + t. Let l(f) = -4*f - 1 + 7*f**2 - f**3 - 1 - 2. Calculate l(w).
8
Let c(z) be the second der